{"id":13,"date":"2021-12-26T15:23:00","date_gmt":"2021-12-26T15:23:00","guid":{"rendered":"http:\/\/der-technik.de\/?page_id=13"},"modified":"2021-12-28T16:59:40","modified_gmt":"2021-12-28T16:59:40","slug":"about","status":"publish","type":"page","link":"https:\/\/der-technik.de\/?page_id=13","title":{"rendered":"About"},"content":{"rendered":"\n<div class=\"wp-block-columns\">\n<div class=\"wp-block-column\" style=\"flex-basis:70%\">\n<p>Mein Name ist Nik Noltenius und das war&#8217;s dann auch erstmal mit den Vertraulichkeiten. Da ich vor einigen Jahren den Entschluss gefasst habe, mich zum Cisco Certified Internet Expert (CCIE) im Bereich Data Center aufzuschwingen und das bisher noch nicht so recht klappen wollte, werden jetzt andere Gesch\u00fctze aufgefahren. <\/p>\n\n\n\n<p>Man mag von Zeitmanagement-Gurus wie Lothar Seiwert halten, was man will, aber dieser Mann schrieb einmal sinngem\u00e4\u00df etwas in die Richtung, dass 98 % aller Vorhaben f\u00fcr die man nicht innerhalb der ersten drei Tage nach ihrem gedanklichen Ursprung den ersten Schritt geht, am Ende gar nicht umgesetzt werden. Das hat mich irgenwie getroffen, denn auch wenn mir die prozentuale Angabe zu hoch erscheint, glaube ich schon, dass die Aussage im Kern stimmt. Mir zumindest geht es so, dass ich unglaublich viele &#8222;fixe&#8220; Ideen und sogar &#8222;Lebensziele&#8220; habe, die ich gar nicht ernsthaft verfolge. Entweder &#8222;passt es gerade im Moment zeitlich leider wirklich gar nicht&#8220; oder &#8222;das kann ich ja auch noch machen, wenn ich (viel, viel) \u00e4lter bin&#8220;. Und dass es in diesem Fall auch soweit kommt, gilt es zu verhindern. <\/p>\n<\/div>\n\n\n\n<div class=\"wp-block-column\" style=\"flex-basis:30%\">\n<div class=\"wp-block-image\"><figure class=\"aligncenter size-full is-resized\"><a href=\"http:\/\/der-technik.de\/wp-content\/uploads\/2021\/12\/nik.png\"><img loading=\"lazy\" src=\"http:\/\/der-technik.de\/wp-content\/uploads\/2021\/12\/nik.png\" alt=\"\" class=\"wp-image-28\" width=\"242\" height=\"286\" srcset=\"https:\/\/der-technik.de\/wp-content\/uploads\/2021\/12\/nik.png 527w, https:\/\/der-technik.de\/wp-content\/uploads\/2021\/12\/nik-253x300.png 253w\" sizes=\"(max-width: 242px) 100vw, 242px\" \/><\/a><\/figure><\/div>\n\n\n\n<p><\/p>\n<\/div>\n<\/div>\n\n\n\n<p>Der Grundstein ist gelegt, die schriftliche Zertifizierung bereits 2019 abgeschlossen. Was bleibt ist ein ger\u00fcchteweise steiniger Weg bis zum erfolgreichen Abschluss eines praktischen Tests. Pandemiebedingt habe ich daf\u00fcr bis Dezember 2022 Zeit (sonst l\u00e4uft die schriftliche Zulassung aus), sodass ich mir sicher kein v\u00f6llig unrealisitisches Ziel setze, wenn ich es bis dahin schaffen will.<\/p>\n\n\n\n<p>Ich habe viele Kolleg*Innen, die Experten auf ihren jeweiligen Fachgebieten sind und sich tief in jedes Detail einfuchsen k\u00f6nnen auf diesem Wege scheitern sehen und selbst diejenigen, die es geschafft hatten, mussten teils mehrfach Anlauf nehmen. Diesen zolle ich umso gr\u00f6\u00dferen Respekt, als sie nicht aufgegeben und sich bis zum Ende durchgebissen haben. An deren Beispiel will ich mich klammern, wenn es Tage der Motivationstiefs gibt und die werden kommen.<\/p>\n\n\n\n<p>Insofern erh\u00f6he ich f\u00fcr mich selbst den Druck, indem ich mich dazu zwinge, einen einigerma\u00dfen regelm\u00e4\u00dfigen Lernfortschritt zu erzielen und um zu beweisen, dass es dazu kommt, werde ich mein &#8222;Notizbuch&#8220; \u00f6ffentlich gestalten. Das dient in erster Linie rein selbstbezogenen Zwecken, sollte ich dabei aber auch nur einer verlorenen Seele auf der Suche nach Antworten helfen k\u00f6nnen, ein Problem schneller zu l\u00f6sen, also ohne meine Blog-Eintr\u00e4ge, dann wird die Freude umso gr\u00f6\u00dfer sein.<\/p>\n\n\n\n<p>Jetzt geht&#8217;s also los, noch eine knappe Woche vor Jahreswechsel, damit gar nicht erst der Verdacht aufkommt, es k\u00f6nne sich hier um einen dieser Neujahrs-Vors\u00e4tze handeln, deren Halbwertszeit am Dreik\u00f6nigstag schon gekommen ist. Mal schauen, wo mich die Reise hinf\u00fchrt&#8230;<\/p>\n","protected":false},"excerpt":{"rendered":"<div class=\"mh-excerpt\"><p>Mein Name ist Nik Noltenius und das war&#8217;s dann auch erstmal mit den Vertraulichkeiten. Da ich vor einigen Jahren den Entschluss gefasst habe, mich zum <a class=\"mh-excerpt-more\" href=\"https:\/\/der-technik.de\/?page_id=13\" title=\"About\">[&#8230;]<\/a><\/p>\n<\/div>","protected":false},"author":1,"featured_media":0,"parent":0,"menu_order":0,"comment_status":"closed","ping_status":"closed","template":"","meta":[],"_links":{"self":[{"href":"https:\/\/der-technik.de\/index.php?rest_route=\/wp\/v2\/pages\/13"}],"collection":[{"href":"https:\/\/der-technik.de\/index.php?rest_route=\/wp\/v2\/pages"}],"about":[{"href":"https:\/\/der-technik.de\/index.php?rest_route=\/wp\/v2\/types\/page"}],"author":[{"embeddable":true,"href":"https:\/\/der-technik.de\/index.php?rest_route=\/wp\/v2\/users\/1"}],"replies":[{"embeddable":true,"href":"https:\/\/der-technik.de\/index.php?rest_route=%2Fwp%2Fv2%2Fcomments&post=13"}],"version-history":[{"count":4,"href":"https:\/\/der-technik.de\/index.php?rest_route=\/wp\/v2\/pages\/13\/revisions"}],"predecessor-version":[{"id":32,"href":"https:\/\/der-technik.de\/index.php?rest_route=\/wp\/v2\/pages\/13\/revisions\/32"}],"wp:attachment":[{"href":"https:\/\/der-technik.de\/index.php?rest_route=%2Fwp%2Fv2%2Fmedia&parent=13"}],"curies":[{"name":"wp","href":"https:\/\/api.w.org\/{rel}","templated":true}]}}